**2. Suppose -12 = -2*v + 2*j - 6*j, 3*v = 4*j - 12. Give l(v).
13
Let x(b) = 2*b + 1. Let q(s) = 2*s + 2. Let m(o) = 5*q(o) - 6*x(o). Suppose 5*n = 2*i + 46, -i = -4*n - 0*i + 35. Let z be (6/n)/(9/36). What is m(z)?
-2
Let r(f) = -10*f**2 - 79*f + 6. Let v be r(-8). Let p(o) = 4*o + 14. Calculate p(v).
6
Let k(r) = -2*r + 3. Let p(n) = n - 8. Let a(c) = c - 7. Let w(m) = -4*a(m) + 3*p(m). Let h(j) = 3*k(j) - 2*w(j). Calculate h(2).
-7
Let p(y) = 3*y**3 + 5*y**2 + 5*y + 6. Let o(j) = j**3 + 2*j. Let a(h) = 2*o(h) - p(h). What is a(-5)?
-1
Let i(f) = 8*f + 2 - 9*f + 3. Suppose -14*h - 38 = -122. Give i(h).
-1
Let i(o) = 8*o - 9. Let q(z) = -5*z + 6. Let a(m) = -5*i(m) - 7*q(m). Let k be 3 + (-4)/28*0. Determine a(k).
-12
Let x = -1 - 1. Let a(o) be the second derivative of -14*o - 1/2*o**2 + 0 - 1/6*o**3. Calculate a(x).
1
Suppose 15*t - 107 - 28 = 0. Let p(i) = i**3 - 10*i**2 + 6*i + 19. Determine p(t).
-8
Let q(w) be the third derivative of w**7/2520 - w**6/720 - w**5/30 + 2*w**2. Let g(i) be the third derivative of q(i). Let b = -18 + 13. Determine g(b).
-11
Suppose 3*x - 3*c - 35 = 181, x + c = 62. Let n(s) = -x*s + 68*s + 1 + 1. What is n(-7)?
-5
Let m be (-11 - 122/(-10))*-5. Let q(x) = x**2 + x. Let y(p) = 2*p**2 - 2*p + 2. Let v(d) = 3*q(d) - y(d). Calculate v(m).
4
Let y(p) = p**3 - 16*p**2 + 19*p - 36. Let j be y(15). Let v(d) = 3 - 1 + 0 - j*d + 23*d. What is v(2)?
0
Let s(w) = w - 7. Suppose -3*z + h + 27 = -6, 0 = 3*h. Calculate s(z).
4
Suppose 3*i - 183 - 473 = -4*b, 2*b + 5*i = 328. Suppose -b*y + 168*y = 36. Let r(k) = k - 12. Determine r(y).
-3
Let x(p) = -p**3 - 8*p**2 - 2*p - 8. Let t be x(-8). Let q(f) = -21*f**3 - t - 2*f + 0*f + 6*f**2 + 22*f**3. What is q(-6)?
4
Suppose m - 2*c = 39, -3*m + 80 = c - 16. Suppose 4*p - 5*s + m = 0, 6*p + 5 = p - s. Let v(k) = 2*k**3 + 2*k**2 + 3*k + 3. What is v(p)?
-11
Let w = -291 + 291. Let u(v) be the third derivative of 0*v + 1/3*v**4 + w + 1/60*v**5 - v**2 + 1/3*v**3. Give u(-6).
-10
Let s(q) be the first derivative of -q**3/3 + 7*q**2/2 - 2*q + 1. Suppose 15 = -4*y + 47. Suppose 5*b + y = 48. Determine s(b).
-10
Let b(a) = -2*a - 5. Let z be ((-1)/(-2))/((-6)/(2940/5)). Let y = 53 + z. Calculate b(y).
-13
Let y(z) be the second derivative of -z**4/6 - z**3/6 - z**2/2 - 41*z + 3. Suppose 0 = -6*l + l + 40. Suppose -3*a = a - l. What is y(a)?
-11
Let y(g) be the second derivative of -g**5/20 - g**4/8 - g**3/6 - 4*g. Let q(k) be the second derivative of y(k). Let c = -6 - -4. Give q(c).
9
Let h(m) = 7*m + 3. Let v(i) = 22*i + 10. Let t(x) = -16*h(x) + 5*v(x). Let j(s) = -19*s - 111. Let a be j(-6). What is t(a)?
-4
Suppose -4*l + 3*l - 5 = 0, 0 = 3*s + 2*l + 1. Let o(j) = -2*j**3 - j**s - 3*j**2 + 6*j - 4*j**2 + 4*j**3 - 1. Suppose -18*t - 30 = -23*t. Determine o(t).
-1
Let v(p) = -13*p + 20. Let l(c) = 4*c. Let k(g) = -3*l(g) - v(g). Determine k(17).
-3
Let c = -803 - -814. Let i(v) = -2*v + 15. Give i(c).
-7
Let f(j) be the third derivative of -j**6/120 + j**5/15 - j**4/24 + j**3/2 + 5*j**2. Suppose 37 = 3*s - 5*d, 4*s + 8 = 5*d + 49. What is f(s)?
-1
Let l(k) = k**2 - 7*k - 5. Let q be ((-2)/(-3))/((-12)/(-324)). Suppose -3*n + 3 = -q. Let z = 0 + n. Give l(z).
-5
Let o(u) be the first derivative of -3*u**2/2 - 4*u + 7. Let t = 26 + -29. What is o(t)?
5
Let l be (-5 - -3)/(16/208). Let t(q) = -2*q - 52. What is t(l)?
0
Let k(y) = -3*y - 40. Let c be k(-15). Let u(g) = -g**2. Give u(c).
-25
Let u(m) = -m**2 + 5*m - 26. Let b(o) = 3*o - 16. Let x(p) = -5*b(p) + 3*u(p). Let n = -4 - -6. Give x(n).
-10
Let j(c) = 9*c - 18 - 19 + 63 - 23. What is j(-6)?
-51
Let l(k) = -5*k**3 + 4*k**2 - 2*k + 5. Let q(i) = -4*i**3 + 4*i**2 - i + 4. Let b = 28 - 25. Let s(g) = b*l(g) - 4*q(g). Let v = 3 + 0. What is s(v)?
-16
Let u(s) be the third derivative of -5*s**4/24 - 7*s**2. Suppose -4 = 77*q - 76*q. What is u(q)?
20
Let u(f) be the first derivative of -9*f**2/2 - f + 127. Determine u(-1).
8
Let j(f) be the third derivative of -f**5/60 + f**4/3 + 7*f**3/6 + 13*f**2. Give j(7).
14
Let k(m) be the first derivative of -m**2/2 - 12*m + 367. Determine k(-7).
-5
Let h(y) be the first derivative of 1/3*y**3 + 1/12*y**4 - 1/12*y**5 - 2*y**2 + 1/120*y**6 + 5 + 0*y. Let g(a) be the second derivative of h(a). What is g(2)?
-6
Let s(a) be the third derivative of -a**6/120 + a**5/24 + 11*a**4/8 + 41*a**2. Let r(d) be the second derivative of s(d). Give r(2).
-7
Let y(l) be the second derivative of l**4/12 + l**3/3 - 3*l**2 + 80*l. Calculate y(-4).
2
Let t(u) = u**3 - 6*u**2 - 1. Let k = 120 + -111. Let z = -101 - -141. Let d be (k/(-5))/((-12)/z). What is t(d)?
-1
Let t(g) = -g**2 + 12*g - 17. Let c = 167 + -155. Give t(c).
-17
Suppose -14*t + 77 = -13*t. Let n = -74 + t. Let h(q) = 21*q - 5. Let j(v) = -4*v + 1. Let d(i) = -4*h(i) - 22*j(i). Calculate d(n).
10
Let w be -11 - 5*(-3)/3. Let d(m) = -4*m - 3. Give d(w).
21
Let m be -4*10/120*-18. Let k(w) = w - 1. Let h(c) = -2*c + 2. Let t(q) = -3*h(q) - 5*k(q). What is t(m)?
5
Let v be 2*(1 + -5 + 3). Let n = 17 - 15. Let z(q) = n*q + 2*q - 6*q. What is z(v)?
4
Suppose 0 = -3*a + 2 + 10. Let k(d) = 3*d + d**3 - 5*d**2 - 4 - a + 9. Let p(q) = -q + 3. Let s be p(0). What is k(s)?
-8
Let x(y) = -3*y**2 + 45*y + 41. Let s be x(16). Let b(g) = g + 14. Calculate b(s).
7
Let n(z) = -7*z - 16. Let x(u) = -15*u - 32. Let d(y) = 13*n(y) - 6*x(y). Give d(-11).
-5
Let f(z) = -z**3 - 21*z**2 - 36*z + 34. Let t be f(-19). Let x(v) = 2*v - 3. Determine x(t).
-11
Let m(s) be the first derivative of -10*s**2 - 420. Determine m(-1).
20
Let h(a) = a**2 + 7*a - 4. Suppose -5*n - 4*u = -11, -2*u = -3*n - u + 10. Suppose -22 = 3*r + i, 0 = -n*r + 4*r - 5*i - 14. Give h(r).
-10
Let u(c) = 2*c**2 + 5*c + 1. Let y be ((-9)/15)/((-112)/40 - -3). Calculate u(y).
4
Let w(m) = -m**3 + 2*m**2 - 3*m + 3. Let q(b) = -b**3 + 3*b**2 - 3*b + 4. Let o(y) = 6*q(y) - 7*w(y). Let p be ((-12)/(-10))/((-42)/105). What is o(p)?
3
Let p(k) be the second derivative of -k**3/2 - k. Let j be p(-1). Let a(q) = 2*q - 4. Determine a(j).
2
Let n(s) be the third derivative of -s**7/1680 + s**5/60 - 2*s**2. Let x(a) be the third derivative of n(a). Let d(m) = -2*m + 6. Let k be d(4). Give x(k).
6
Suppose 0 = 3*t - 5*t - 56. Let n = 32 + t. Let o(k) = -k**2 + 5*k - 6. Determine o(n).
-2
Let i(y) be the first derivative of y**3/3 + 5*y**2/2 - 10*y - 7. Let b be i(-7). Let f(h) = -5*h + 2*h + h + 1. Calculate f(b).
-7
Let v(q) = -5*q - 11. Let l be v(-10). Suppose 4*o - l = -0*o - i, i = 4*o - 49. Let f(m) = -m**3 + 12*m**2 - 10*m - 9. Determine f(o).
2
Let f(p) = 4 + 30 + p - 26. What is f(-14)?
-6
Let j(q) = q**2 + 2*q + 1. Let i(w) = 3*w**2 + 5*w + 10. Let l(n) = i(n) - 2*j(n). Give l(0).
8
Suppose -28 - 4 = -8*j. Suppose 3*z + 17 = 5*a, -2*a + 4 = -j*z - 0*a. Let t(q) = 3*q**2 + 3*q - 2. What is t(z)?
4
Suppose 0 = -11*f + 14 + 41. Let q(d) = -d**3 + 7*d**2 - 5*d + 4. Determine q(f).
29
Let g(k) = 2*k + 2. Suppose 37*y = 36*y - 48. Let a = y - -44. What is g(a)?
-6
Let d(r) = -r. Let u(j) = -2*j - 5. Let s(a) = -4*d(a) + u(a). Let p = 16 + -12. Calculate s(p).
3
Let w be -20*11/(-44)*-3. Let p(x) = 3*x - 10. Determine p(w).
-55
Let d(s) = -s**2 + 5*s - 4. Let x(p) = p**2 + p + 1. Let w(a) = a**3 - 13*a**2 + 5*a + 3. Let y(u) = -w(u) - 3*x(u). Let i = 16 + -7. Let z be y(i). Give d(z).
2
Let j(q) be the second derivative of -q**3/6 - 13*q**2/2 + 8*q - 6. What is j(-6)?
-7
Let n(w) = -4*w**3 - 6*w**2 - 3*w. Let a(k) = 3*k + 6*k**2 + 5*k**3 - k + k. Let i(l) = 3*a(l) + 4*n(l). Determine i(-2).
-10
Let j(r) = -1 - r - 4 + 0*r. Let n = -178 - -182. What is j(n)?
-9
Let i(t) be the third derivative of t**6/120 - 7*t**5/60 + t**4/4 - t**3/2 - t**2. Let s = 307 - 301. Give i(s).
-3
Let m(f) = f**2 - f + 6. Suppose 6*b - 4*b - 10 = 0. Calculate m(b).
26
Let y(n) be the second derivative of -7*n**2 - 12*n - 1/6*n**3 + 0. Calculate y(-8).
-6
Suppose -5*w + w - 20 = 0. Let c(s) be the second derivative of -5/2*s**2 - 7/6*s**3 - 1/2*s**4 - 1/20*s**5 + 12*s + 0. Give c(w).
5
Let f(q) be the third derivative of -q**5/60 + q**4/24 + 13*q**3/6 + 11*q**2. Let o be 0/(-3 - -5 - 4). What is f(o)?
13
Let x(h) = -4*h**3 - 15*h**2 - h - 19. Let i(o) = o**3 + 2*o**2 + 2. Let t(k) = 3*i(k) + x(k). Give t(-9).
-4
Let o(y) be the sec